me number?
False
Let f = 12 - 14. Is (-1 + f/6)*(-3015)/30 a composite number?
True
Suppose -90*t = -92*t + 24922. Is t a prime number?
False
Let d be 1*16 - (-12)/3. Suppose 5*i = -0*i + d. Let v(a) = 82*a - 5. Is v(i) prime?
False
Suppose 1017 = 2*n + 3*z - 2*z, -n - 2*z = -507. Is n a composite number?
False
Suppose 3*y + 3 = 24. Suppose -y*r - 4*t = -3*r - 28, 4*r - 23 = -3*t. Suppose 30 + 128 = r*g. Is g composite?
False
Suppose 0 = -5*u + 4*y + 546963 - 173880, -298470 = -4*u + 5*y. Is u a prime number?
False
Let f(x) = 27*x**2 + 3*x + 1. Let w be f(-3). Suppose -1270 + w = -15*i. Is i composite?
True
Is ((-120706)/(-14))/((-77)/(-539)) a prime number?
True
Let z(r) = 2*r - 2. Let u be z(2). Suppose u*w + 170 = -558. Let x = -253 - w. Is x prime?
False
Suppose 5*k = -l - 24, 2*l - k = 4 - 19. Let r(w) = -2*w**3 + 21*w**2 + 5*w - 8. Is r(l) composite?
True
Suppose 2*s - 3598 = -4*n, 2*s - 3*n + 6*n = 3599. Is s a prime number?
True
Is (260/60 + 7)*4614/4 a prime number?
False
Let o = -132 + -14. Let x = o + 259. Is x prime?
True
Let v be -2 - -4*(-4)/(-8). Suppose -n + 2 = -v*n. Suppose -n*i - 33 = -503. Is i composite?
True
Let v(u) = 12*u + 7*u - 3*u + 15 + 4. Is v(6) a prime number?
False
Suppose 5*t - 60678 - 1042 = 0. Suppose 6*n = -2*n + t. Is n prime?
True
Is 21043/4 - (-2 + (-28)/(-16)) a prime number?
True
Is (-7)/(7/(-3)) + 199 a prime number?
False
Let r = 10 - 10. Suppose -5*l = -r*l, 4*x = 3*l + 8. Is 6 + 1 + x + 2 a composite number?
False
Suppose 0 = 2*n + n - 18. Suppose 2*b - n - 4 = p, -3*p - 15 = -3*b. Suppose -1256 = -4*z + 4*w, -z + 326 = -2*w + b*w. Is z composite?
False
Is 12/16 + 3776190/120 composite?
False
Let u(h) = 3385*h - 302. Is u(7) composite?
True
Let t be 0/(-3) + -3 + 3. Let v(h) = -h**2 + 8. Let b be v(t). Is (1985/20)/(2/b) a prime number?
True
Suppose -3*b + 7*n + 93918 = 4*n, b - 5*n = 31318. Is b a prime number?
False
Let x = 3363 - 1794. Is x composite?
True
Let b = 2920 + 762. Suppose 8*g = 18026 - b. Is g prime?
False
Is -9 - (4 - (8 - -45748)) prime?
False
Let w(o) = 1408*o - 14. Let z be w(4). Suppose 7*h = 668 + z. Is h prime?
False
Let o(c) = -4*c - 5*c - c**3 - c**2 - 4*c**2 + 6. Is o(-7) a prime number?
True
Let k = 11 - 2. Let r be 42/k + 3/9. Suppose -3*m - 106 = -r*m. Is m a composite number?
False
Suppose -10 = -5*j - 0. Let l be j + (-6)/3 - -4. Suppose -2*y + 142 + 488 = -4*c, l*y + 5*c = 1273. Is y a prime number?
True
Let m = 1882 + -2678. Let v = -563 - m. Is v prime?
True
Let c be 1*((-97910)/25)/((-4)/10). Is (-27 - c)/(-1*2) a prime number?
True
Suppose 0 = 7*o - 9*o + 446. Is o a composite number?
False
Is (1/2)/(((-114)/(-80508))/19) composite?
False
Let o(x) = -153*x + 103. Is o(-14) a prime number?
False
Let n = 13 - 19. Let w(t) be the first derivative of 10*t**3/3 - 7*t**2/2 - 11*t + 13. Is w(n) a prime number?
False
Let z = 5845 + -3300. Suppose 5*i = -0*i + z. Is i prime?
True
Let o(i) = i**2 + 10*i + 12. Let d be o(-8). Let y be 97/((d/4)/1). Is y/(-11) + 2/11 a composite number?
True
Let j = -130 - -90. Is (-6)/(-10) - 9456/j composite?
True
Suppose -w = o - 4, 2*w = 7*o - 5*o. Suppose -3*m + o*s + 5506 = 3*s, -3*s = 4*m - 7333. Is m composite?
True
Let m(y) = 2*y**2 + 9*y - 8. Let c be m(10). Let f(b) = 6*b**2 - 22*b - 11. Let o be f(-5). Suppose 3*k - c = o. Is k prime?
False
Suppose -32*r = -41367 - 513545. Is r a prime number?
True
Suppose -7 - 3 = -2*j. Let x = j - 6. Is -163*(2 + x + -2) a composite number?
False
Let d(o) = -o**3 - 11*o**2 - 10*o + 6. Let y be d(-10). Suppose y*u + 3*u = 8298. Is u a prime number?
False
Let w be (-6)/4*-20 - 2. Suppose -3*k - k = -2*o + 14, 4*o = 5*k + w. Suppose -l = -326 + o. Is l a prime number?
False
Let j(t) = -t**3 + 10*t**2 - t + 12. Let y be j(10). Let w = -25 - -29. Suppose -w*o + 3*l = -1187, -y*l = -4*o + 1195 - 13. Is o a composite number?
False
Let p(n) = 3*n**3 + 2*n**2 - n + 4. Let u be p(-3). Let x be 357 + 0 + 4 + -6. Let s = x + u. Is s prime?
False
Suppose 3*p = -0*p + 2*l - 15, 5*p = -5*l. Let t = p + 56. Is t a prime number?
True
Let i = 1263 + -8. Let n = 562 + i. Is n a composite number?
True
Suppose 1913 = -3*t + 8006. Suppose 2074 = 5*h - t. Is h a prime number?
True
Let y be (-1 + 4)*2/3. Suppose 3*z - 2*z = -y*g - 202, 5*z = -2*g - 1050. Is -1 - (z - 0)*1 a composite number?
False
Let k(b) = b**2 + 13*b + 2. Let s be k(-13). Suppose 18220 = 8*m + s*m. Is m composite?
True
Let w(v) = -366*v + 1. Let b be w(-2). Let y = b - 32. Is y prime?
True
Suppose 0*h - 9670 = -2*h. Let m = -2862 + h. Is m composite?
False
Suppose -2 = -3*j + 2*j. Suppose 5*b + j*c - 4*c = 2, 0 = -4*b - 3*c - 3. Let p(u) = u**2 + u + 217. Is p(b) prime?
False
Let p = -24945 - -41182. Is p composite?
True
Suppose 0 = 2*t - 3*o - 1, t + 3 = 5*o - 0*o. Let v be 0 + t - 2*5. Is ((-6)/v)/(1/332) composite?
True
Let g = 6733 - 4760. Is g a prime number?
True
Let a = -43 + 43. Suppose a*b = b - 37. Is b a prime number?
True
Let z(q) = 6*q**3 - 2*q**2 - q + 3. Let j be z(5). Suppose -2*t = o - 861, 0 = -4*t + 4*o + j + 1018. Suppose t = 2*c - 76. Is c composite?
True
Let c(g) = -3*g**2 + 10*g + 2. Let k(s) = s**2 - s + 1. Let t(m) = -3*c(m) - 12*k(m). Let o be t(-16). Is o/4*4/(-6) composite?
False
Let r = 28 + -28. Suppose -5*m + 1720 = 5*z, 3*m - 5*z - 709 - 347 = r. Is m composite?
False
Let h(f) = f - 1. Let c be h(7). Suppose -c*r + r = -1055. Is r a composite number?
False
Let p be 6/8 + 134/(-8). Let r = -13 - p. Suppose -4*t = r*m - 203, -3 = 3*t - 0. Is m composite?
True
Let n be 0/(2 + 1 - 1). Suppose 0 = l - 5*a + 15, -4*a = 5*l - n*a - 12. Suppose l*q = -3*q + 399. Is q a prime number?
False
Suppose -4*o + 7*o = -2*m + 2003, -3*m = -o + 664. Is o a prime number?
False
Suppose 3*l + 4 = 1, -4*t - 3*l - 35 = 0. Let r(w) = -w - 2. Let d be r(t). Let v(y) = 16*y - 5. Is v(d) a composite number?
True
Is 1101/(2 + 1 + -5 - -3) a prime number?
False
Let w = -2117 - -3806. Is w composite?
True
Suppose 6 = d + 4. Is (10/d)/(7/10297) a prime number?
False
Let a = -324 - -2159. Is 1/(1/a + 0) a prime number?
False
Let o(r) = 19*r + 10. Suppose 2 = 2*p - s - 6, -s = 0. Let u be o(p). Let d = u + -51. Is d a composite number?
True
Suppose 0 = -3*h + 12*h - 4572. Suppose -3*a - 4*n + 22 = 0, -5*n + 22 = -2*a + 3*a. Suppose -a*r = 2*r - h. Is r a prime number?
True
Is (1318/(-10))/((-55)/275) composite?
False
Suppose 303*a - 300*a = 12. Suppose 0*d - 2*d = 0. Suppose d = -0*q - a*q + 196. Is q a prime number?
False
Let k = 11292 + -5555. Is k prime?
True
Is 20/110 - (-175578)/22 a prime number?
False
Suppose -9 - 21 = -2*b. Let s = 9 - b. Let z(u) = 7*u**2 + 5*u + 1. Is z(s) composite?
False
Let w = -13029 + 23036. Is w prime?
True
Suppose 5*f - 723 - 1198 = -g, -5*f = 4*g - 7624. Suppose 5*w - 2*w - 27 = 0. Is (-2)/w + g/9 a prime number?
True
Let q(f) = -f**2 - 13*f + 5. Let a be q(-13). Suppose a*x = 1 + 14. Suppose -x*p + 104 - 5 = 0. Is p prime?
False
Let t = -14736 + 27059. Is t a composite number?
False
Let v(p) = -191*p**3 - p - 1. Let f be (-1 + 12/9)*-3. Is v(f) composite?
False
Suppose 0 = -25*r + 889074 + 420551. Is r composite?
True
Let p be (5/((-75)/10))/((-2)/(-3)). Is 1 - (p + 4)/1 - -33 prime?
True
Suppose 0 = -13*n - 6030 + 74449. Is n a composite number?
True
Let j(n) = 15*n**2 + 109*n + 23. Is j(-24) prime?
True
Suppose -330 = 5*o - 2*y - 3*y, 3*o - 5*y + 192 = 0. Let n = o + 406. Is n prime?
True
Is -2 - ((-58)/(-493) + (-50594)/17) a composite number?
True
Is 2/((-10)/(-7485)) - -2 prime?
True
Suppose -223*m + 571014 = -217*m. Is m a prime number?
False
Let c be (3/(-3))/(3/(-183)). Is c + (-3 - (-2 - -1)) a composite number?
False
Is -18263*(29/(-7) - -4) a composite number?
False
Suppose 20*q - 216666 = -15926. Suppose -7*u - 2652 = -q. Is u prime?
False
Is (-2 + 54509/(-5 + -2))*-5 a prime number?
False
Is ((-478730)/(-147))/((2/3)/1) composite?
True
Let l(c) = 8*c - 32. Let i be l(12). Is 5450/6 + i/(-48) composite?
False
Let w(u) = 205*u**3 + 2*u**2 - 14*u + 3. Is w(4) composite?
False
Suppose 77*x = 73*x + 12. Let u(y) be the third derivative of 3*y**5/20 - 11*y**4/24 + y**3/2 + 3*y**2. Is u(x) prime?
False
Let y(a) = 562*a**2 - 2*a - 1. Suppose -29 = -2*f - 33. Let o be (1/((-1)/(-2)))/f. Is y(o) prime?
True
L